451, 37117
What are the prime factors of 63640074?
2, 3, 37, 439, 653
List the prime factors of 1335242722.
2, 11, 60692851
What are the prime factors of 4266430125?
3, 5, 59, 192833
What are the prime factors of 5280989154?
2, 3, 7, 6173, 20369
List the prime factors of 201145700.
2, 5, 7, 17, 16903
List the prime factors of 5423110650.
2, 3, 5, 67, 59957
What are the prime factors of 14594301?
3, 151, 10739
List the prime factors of 142719396.
2, 3, 1151, 10333
What are the prime factors of 574949383?
83, 6927101
List the prime factors of 161465975.
5, 11, 587149
List the prime factors of 252433564.
2, 43, 293, 5009
List the prime factors of 678986763.
3, 7, 13, 53, 167, 281
List the prime factors of 47154585.
3, 5, 263, 11953
What are the prime factors of 614809431?
3, 73, 163, 5741
List the prime factors of 1103648765.
5, 37, 5965669
List the prime factors of 91133938.
2, 7, 6509567
List the prime factors of 129007306.
2, 31, 2080763
What are the prime factors of 641744387?
73, 8791019
What are the prime factors of 6602800863?
3, 2200933621
List the prime factors of 996932531.
7, 383, 371851
What are the prime factors of 28667606?
2, 11, 1303073
List the prime factors of 328742332.
2, 19, 4325557
What are the prime factors of 3446792864?
2, 137, 337, 2333
List the prime factors of 214548275.
5, 8581931
List the prime factors of 1087750433.
7, 11, 313, 373
What are the prime factors of 691608004?
2, 101, 1711901
List the prime factors of 3088105417.
15731, 196307
List the prime factors of 765229994.
2, 61, 557, 11261
What are the prime factors of 902944433?
902944433
What are the prime factors of 3211176538?
2, 131, 12256399
List the prime factors of 761164602.
2, 3, 11, 137, 84181
List the prime factors of 114996489.
3, 439, 87317
List the prime factors of 42534310.
2, 5, 7, 13, 43, 1087
List the prime factors of 1303791863.
11, 17, 43, 162143
List the prime factors of 2776411151.
17, 367, 26177
What are the prime factors of 678678329?
7, 29, 3343243
What are the prime factors of 36809452?
2, 977, 9419
What are the prime factors of 89360247?
3, 857, 34757
List the prime factors of 1115308743.
3, 3559, 104459
List the prime factors of 334424351.
334424351
What are the prime factors of 181729130?
2, 5, 11, 31, 137, 389
What are the prime factors of 61508588?
2, 31, 401, 1237
List the prime factors of 113243836.
2, 28310959
What are the prime factors of 1768585536?
2, 3, 1023487
List the prime factors of 205604287.
7, 29, 1012829
What are the prime factors of 53121446?
2, 7, 29, 130841
List the prime factors of 286259594.
2, 283, 505759
What are the prime factors of 2074430546?
2, 10501, 98773
What are the prime factors of 482337821?
7, 17, 34061
What are the prime factors of 186172614?
2, 3, 3447641
List the prime factors of 64766785.
5, 251, 51607
List the prime factors of 32260691.
1993, 16187
What are the prime factors of 239753697?
3, 4337, 18427
List the prime factors of 2198328337.
2198328337
List the prime factors of 5033833488.
2, 3, 3271, 10687
What are the prime factors of 61431250?
2, 5, 9829
List the prime factors of 134181772.
2, 33545443
What are the prime factors of 29664692?
2, 1013, 7321
List the prime factors of 98256010.
2, 5, 523, 18787
What are the prime factors of 1989293750?
2, 5, 318287
What are the prime factors of 8134964?
2, 19, 29, 3691
List the prime factors of 286481124.
2, 3, 884201
What are the prime factors of 2942789939?
19, 154883681
What are the prime factors of 2584205085?
3, 5, 7, 11, 157, 14251
What are the prime factors of 88883578?
2, 7, 6348827
List the prime factors of 2488093669.
15391, 161659
List the prime factors of 629124049.
17, 41, 61, 14797
What are the prime factors of 2874338?
2, 373, 3853
List the prime factors of 1560184174.
2, 780092087
List the prime factors of 229421153.
13, 53, 433, 769
List the prime factors of 1560296171.
7, 31842779
What are the prime factors of 294501864?
2, 3, 12270911
What are the prime factors of 219457073?
11, 389, 51287
List the prime factors of 145472302.
2, 409, 177839
List the prime factors of 150406096.
2, 9400381
List the prime factors of 107605094.
2, 19, 89, 31817
What are the prime factors of 258841140?
2, 3, 5, 997, 4327
What are the prime factors of 28901561?
13, 2223197
List the prime factors of 2725435138.
2, 17, 29, 2764133
List the prime factors of 301455354.
2, 3, 37, 1357907
List the prime factors of 3788742458.
2, 1894371229
List the prime factors of 93375697.
93375697
List the prime factors of 9503116.
2, 7, 19, 17863
List the prime factors of 156648946.
2, 41, 643, 2971
List the prime factors of 1123012684.
2, 61, 197, 383
List the prime factors of 1815654379.
7, 11, 89, 5407
List the prime factors of 696896335.
5, 1913, 72859
What are the prime factors of 833817593?
7, 89, 1338391
What are the prime factors of 170845428?
2, 3, 13, 37, 29599
What are the prime factors of 506701087?
506701087
List the prime factors of 419649435.
3, 5, 9325543
What are the prime factors of 56957124?
2, 3, 7, 678061
List the prime factors of 86685956.
2, 7, 109, 28403
List the prime factors of 97553222.
2, 13, 397, 727
What are the prime factors of 8131466?
2, 7, 23, 25253
List the prime factors of 251957047.
347, 726101
List the prime factors of 1543308804.
2, 3, 283, 151483
List the prime factors of 2420466432.
2, 3, 3151649
What are the prime factors of 285324117?
3, 13, 211, 34673
List the prime factors of 23186416.
2, 11, 47, 2803
List the prime factors of 71582484.
2, 3, 71, 84017
What are the prime factors of 285737550?
2, 3, 5, 7, 272131
What are the prime factors of 2312335342?
2, 17, 6949, 9787
What are the prime factors of 495392711?
11, 1033, 43597
What are the prime factors of 1911957971?
7, 11, 199, 124777
List the prime factors of 37299326.
2, 17, 1097039
List the prime factors of 1422064399.
7, 17, 11950121
List the prime factors of 20789266.
2, 17, 611449
What are the prime factors of 1064761945?
5, 13, 137, 119569
List the prime factors of 687109182.
2, 3, 114518197
List the prime factors of 907185795.
3, 5, 37, 1634569
What are the prime factors of 316088688?
2, 3, 6585181
List the prime factors of 628951390.
2, 5, 79, 796141
What are the prime factors of 366456337?
13, 28188949
List the prime factors of 6682658746.
2, 103, 809, 40099
List the prime factors of 265770430.
2, 5, 47, 565469
List the prime factors of 244149541.
67, 3644023
What are the prime factors of 152483773?
13, 829, 14149
What are the prime factors of 197067150?
2, 3, 5, 7, 73, 857
What are the prime factors of 140563585?
5, 103, 191, 1429
What are the prime factors of 607976742?
2, 3, 43, 877, 2687
What are the prime factors of 86313724?
2, 7, 409, 7537
List the prime factors of 266172380.
2, 5, 13308619
What are the prime factors of 45865907?
29, 43, 36781
List the prime factors of 66002146.
2, 7, 4714439
What are the prime factors of 51132556?
2, 12783139
List the prime factors of 3612467735.
5, 722493547
List the prime factors of 94902290.
2, 5, 7, 41, 43, 769
What are the prime factors of 349632497?
29, 151, 79843
What are the prime factors of 280366019?
280366019
List the prime factors of 44153822.
2, 22076911
List the prime factors of 82828240.
2, 5, 11, 61, 1543
What are the prime factors of 317594583?
3, 5737, 6151
What are the prime factors of 729025816?
2, 1559, 58453
List the prime factors of 3116175248.
2, 2963, 65731
List the prime factors of 5173244493.
3, 2797, 616523
What are the prime factors of 1780150681?
1780150681
What are the prime factors of 701015460?
2, 3, 5, 11683591
List the prime factors of 227305061.
3271, 69491
What are the prime factors of 357243685?
5, 109, 739, 887
What are the prime factors of 679496895?
3, 5, 7, 11, 41, 4783
What are the prime factors of 205516598?
2, 7, 14679757
List the prime factors of 1938017718.
2, 3, 7, 13, 103, 547
List the prime factors of 1828020867.
3, 47, 12964687
What are the prime factors of 337653043?
7, 13, 285421
List the prime factors of 68606460.
2, 3, 5, 13, 29, 337
What are the prime factors of 711170811?
3, 13, 113, 53791
What are the prime factors of 4684031?
11, 38711
List the prime factors of 124128649.
4327, 28687
What are the prime factors of 96395816?
2, 11, 19, 57653
What are the prime f